s 3780958969 a prime number?
False
Is 1890410711 prime?
False
Is 1679155757 composite?
False
Is 73913753227 prime?
True
Is 6869161477 a composite number?
False
Is 78172166257 a composite number?
True
Is 30139839757 a composite number?
True
Is 13597267927 prime?
True
Is 15255687311 composite?
False
Is 6722473 prime?
True
Is 2199928223 a composite number?
False
Is 18073008341 composite?
False
Is 114384546469 a prime number?
True
Is 3386407073 a prime number?
False
Is 1314338171 a composite number?
False
Is 4049991859 a prime number?
True
Is 2529651587 a composite number?
True
Is 82718543899 composite?
True
Is 419749301 prime?
True
Is 3792295127 a composite number?
True
Is 371886699 a prime number?
False
Is 6203664839 composite?
False
Is 738739147 a composite number?
False
Is 4619510729 a composite number?
True
Is 43537507 a prime number?
False
Is 2405038663 composite?
False
Is 1686132109 prime?
False
Is 221721713 a prime number?
True
Is 33251079929 composite?
True
Is 1908345529 a prime number?
False
Is 203318293565 a composite number?
True
Is 5845782589 a composite number?
True
Is 352214321 a prime number?
False
Is 122039669333 a prime number?
False
Is 19919198687 a composite number?
False
Is 2165203857 prime?
False
Is 384213007 a prime number?
False
Is 379999427 prime?
False
Is 5073464609 prime?
False
Is 8517626101 a prime number?
True
Is 649174018 composite?
True
Is 271402721 a composite number?
False
Is 90666456977 composite?
False
Is 247954937 prime?
True
Is 2376276081 a composite number?
True
Is 505645981 composite?
False
Is 386708651 a composite number?
True
Is 1220369979 prime?
False
Is 1819845385 a composite number?
True
Is 62634221149 composite?
False
Is 3393902363 composite?
False
Is 23910433501 composite?
False
Is 6237626753 a prime number?
True
Is 13670346913 a prime number?
True
Is 18702090461 a composite number?
False
Is 218952841 a prime number?
False
Is 55918243397 a prime number?
True
Is 10113535211 a composite number?
True
Is 3814293577 a prime number?
True
Is 1064632417 prime?
True
Is 41038851363 prime?
False
Is 11688681883 composite?
True
Is 21365427779 composite?
False
Is 495307595 composite?
True
Is 181092383 prime?
False
Is 1359959201 composite?
False
Is 686987107 composite?
False
Is 741775117 a composite number?
False
Is 6951305519 composite?
False
Is 9005124143 prime?
False
Is 9277859837 composite?
True
Is 410064253 prime?
True
Is 3935185571 prime?
False
Is 1188111343 a composite number?
True
Is 598341886 a prime number?
False
Is 11845345289 prime?
False
Is 293590537463 a composite number?
False
Is 4156844101 a prime number?
True
Is 20053465483 prime?
True
Is 1137369749 prime?
False
Is 31109706209 a prime number?
True
Is 20283556819 prime?
True
Is 4000258433 a composite number?
False
Is 2918836001 a prime number?
False
Is 937296571 prime?
False
Is 1539314041 a composite number?
True
Is 46753873 a prime number?
False
Is 422883203 a prime number?
False
Is 1716772391 composite?
False
Is 19648546867 a prime number?
False
Is 1798271857 a composite number?
True
Is 25515216749 a prime number?
False
Is 1173103363 composite?
False
Is 2959131437 a composite number?
False
Is 6447284957 a prime number?
True
Is 19871479765 a composite number?
True
Is 792895871 composite?
False
Is 6777280369 a composite number?
False
Is 93579220169 a composite number?
True
Is 4595884693 a composite number?
False
Is 280666049 prime?
False
Is 59955558011 a composite number?
True
Is 157468303 prime?
False
Is 3583510457 a composite number?
False
Is 133030907 a prime number?
True
Is 1239064163 prime?
False
Is 6886896941 a composite number?
False
Is 20398457213 a prime number?
False
Is 239881940299 a composite number?
True
Is 1048954021 a prime number?
False
Is 28497081061 prime?
True
Is 33411365083 a composite number?
True
Is 8520652247 prime?
True
Is 60171191 a prime number?
False
Is 1168515889 prime?
False
Is 3145359757 a composite number?
True
Is 1074336881 composite?
False
Is 25170252791 a composite number?
True
Is 313453033 prime?
False
Is 113670341 prime?
True
Is 14115454207 a prime number?
False
Is 17358203761 a prime number?
True
Is 36970427209 a composite number?
True
Is 1500476011 a composite number?
False
Is 910138363 a prime number?
True
Is 93424183 prime?
False
Is 53537624911 a composite number?
True
Is 3420417358 a prime number?
False
Is 1253532979 prime?
True
Is 1492839769 a composite number?
False
Is 3892416581 a composite number?
True
Is 16542093677 composite?
False
Is 146723792989 a prime number?
True
Is 1155260819 prime?
False
Is 50519830979 composite?
False
Is 2243021491 a composite number?
True
Is 108774253853 a composite number?
False
Is 1231336451 prime?
False
Is 5350066741 composite?
True
Is 1246951181 a prime number?
False
Is 387940673 a prime number?
False
Is 2675220851 composite?
False
Is 3287406235 composite?
True
Is 1471009529 prime?
False
Is 5377477643 a composite number?
False
Is 2421546931 prime?
False
Is 540934249 a composite number?
False
Is 2082312943 a prime number?
False
Is 1488995311 a composite number?
False
Is 5448350467 composite?
True
Is 749996197433 composite?
True
Is 17713111751 a prime number?
False
Is 14294372681 a composite number?
True
Is 980647249 composite?
False
Is 11701761091 composite?
False
Is 1654880263 prime?
True
Is 73871131651 a prime number?
True
Is 5113901279 a composite number?
True
Is 2528841206 composite?
True
Is 705059053 a prime number?
False
Is 1636571861 a prime number?
False
Is 1485936479 composite?
False
Is 108162691423 a composite number?
False
Is 23502980366 a composite number?
True
Is 31001273071 prime?
True
Is 49082614517 prime?
True
Is 1949196787 composite?
False
Is 2957584459 a composite number?
True
Is 335528807 a prime number?
False
Is 3572733641 prime?
True
Is 59702883263 composite?
False
Is 37974369179 prime?
False
Is 234419843 a prime number?
False
Is 9175175861 composite?
False
Is 19986741767 prime?
True
Is 21321237989 a composite number?
False
Is 1595195653 composite?
True
Is 126398811657 prime?
False
Is 501934879 prime?
True
Is 3704493649 a prime number?
True
Is 664829351 a prime number?
True
Is 9186384269 a prime number?
True
Is 25682341 composite?
True
Is 62665411 composite?
True
Is 28594356013 composite?
False
Is 38663228557 prime?
True
Is 5057140027 a prime number?
True
Is 213469369 a composite number?
True
Is 1032005777 a composite number?
True
Is 22255387247 composite?
True
Is 22454657 a composite number?
True
Is 7136123 composite?
False
Is 14078623673 prime?
True
Is 37864091191 a composite number?
True
Is 103007456039 a composite number?
True
Is 860428817 a prime number?
True
Is 1016122993 composite?
True
Is 5174563313 composite?
False
Is 1477312009 prime?
False
Is 8502639439 a prime number?
False
Is 20902249177 composite?
True
Is 1109039621 a composite number?
False
Is 3084155071 prime?
True
Is 11717171701 a composite number?
True
Is 4373764919 a composite number?
True
Is 235724993 a composite number?
True
Is 1565709287 prime?
True
Is 71096963591 prime?
False
Is 2538673901 prime?
True
Is 881087639 a composite number?
False
Is 7269458129 prime?
True
Is 3165266783 a composite number?
True
Is 9461329 a composite number?
False
Is 4872488761 a prime number?
False
Is 3590103533 a composite number?
False
Is 941744209 composite?
True
Is 2566540237 a composite number?
False
Is 677555191 composite?
False
Is 3667745777 a composite number?
False
Is 67499221 prime?
True
Is 942190987 a composite number?
True
Is 286978931 a prime number?
True
Is 26482078937 a composite number?
True
Is 188357353 a prime number?
False
Is 10863833885 a prime number?
False
Is 7611131317 prime?
True
Is 4731728297 composite?
True
Is 76876117 prime?
False
Is 800834171 composite?
True
Is 6718613591 a composite number?
False
Is 61078745801 prime?
False
Is 3373914077 a composite number?
True
Is 1049399513 composite?
True
Is 2345224943 a composite number?
True
Is 25271845241 a prime number?
False
Is 569825211 a composite number?
True
Is 14202796967 prime?
False
Is 2853224989 prime?
False
Is 6907049557 prime?
False
Is 5341981759 prime?
True
Is 738464889 prime?
False
Is 42577981 a composite number?
False
Is 185827918531 prime?
True
Is 11615079517 a prime number?
False
Is 245694937 a composite number?
False